3
Suppose 3*i + 5*n = 975, -1062 = -3*i - 3*n - 93. What is the hundreds digit of i?
3
Suppose 9*v = 10*v - 97. What is the units digit of v?
7
Let d = -7 - -5. Let v = d + 7. What is the units digit of v?
5
Let t(z) = -z**3 + 3*z**2 + z - 1. Let b be t(3). Let q(n) = 3*n**2 + 3*n**2 - 6 - 3*n**2 + 4. What is the tens digit of q(b)?
1
Let c = 4 - -2. Suppose h - 32 = -3*g, -c*h + h = -g - 128. What is the units digit of h?
6
Suppose -2*u + 5*n = 26, 4*u + 5*n = u - 64. What is the tens digit of (102/u)/((-1)/3)?
1
What is the units digit of 4*(98/4)/7?
4
What is the tens digit of ((-152)/(-12))/(21/(-9) + 3)?
1
Let i(l) = 1 - 9 + 3*l + 2. What is the units digit of i(6)?
2
Let c(w) = 0*w + w**2 + 7 - 7*w - 6*w. What is the units digit of c(13)?
7
Let b(w) = w**2 - 10*w + 5. Let s be b(10). Let k(o) = 11*o + 1. Let v be k(1). Suppose -3 - v = -s*q. What is the units digit of q?
3
Let k = -4 - -9. What is the tens digit of (10 - 0/(-4))*k?
5
Let b(o) = 4*o + 2. Let y(q) = 0*q + 2*q - q. Let m(j) = -b(j) + 3*y(j). What is the units digit of m(-9)?
7
What is the hundreds digit of ((-214)/4)/(5/(-10))?
1
What is the units digit of 2/7 + (-4290)/(-77)?
6
Let u(z) = -z**2 - 4*z + 8. Let l be u(-8). Let p = l + 34. Suppose 3*q + p = 64. What is the tens digit of q?
1
Suppose u + 16 = -2. What is the units digit of (-12)/u - (-56)/6?
0
Suppose 0 = 5*w + y + y - 590, -5*w + 3*y + 590 = 0. What is the tens digit of w?
1
Suppose -2*c - c + 455 = -4*v, 0 = v + c + 105. Let t = -78 - v. What is the units digit of t?
2
What is the units digit of (98/(-8))/((-5)/20)?
9
Suppose 3*m - 2 - 7 = 0. Suppose -4*d + 3*l = -m, -5*l + 3 = -3*d - l. What is the units digit of d?
3
Suppose u - 220 = -4*u. What is the tens digit of u?
4
Suppose -4*b + 3*r + 0*r = -101, b - 14 = -3*r. Suppose -3*c = b - 101. Let w = c - 17. What is the units digit of w?
9
Let a be -3 + (2/1 - 4). What is the units digit of 14/a*(-10)/4?
7
Let u(a) be the first derivative of -2*a - 7/2*a**2 + 1/3*a**3 + 4. What is the units digit of u(8)?
6
Suppose -4*x + 2*x = -82. What is the tens digit of x?
4
Let j = 59 + -25. What is the units digit of j?
4
Let o(l) = 7*l. Let b(z) = 20*z + 1. Let m(g) = 3*b(g) - 8*o(g). Let y = -38 - -42. What is the units digit of m(y)?
9
Let w = -142 - -270. Suppose 3*b - 4 = b, -3*r + w = 4*b. What is the units digit of r?
0
Let b(t) = 2*t**3 + 3*t**2 - 2. What is the units digit of b(4)?
4
Let b(i) = -i**3 + 10*i**2 - 7*i - 4. Let y be b(8). Let d = y + -48. What is the units digit of d?
0
Let d be (2/3)/(6/(-27)). Let j be 1*(d + 43)/2. Suppose 8 - j = -2*n. What is the units digit of n?
6
What is the hundreds digit of (2 + -1)/(17/2822)?
1
Let s be (-6)/27 + 184/18. Suppose -n + s = j, -n = -2*n + 3*j - 6. What is the units digit of 118/6 + (-4)/n?
9
Let k = -51 - -77. What is the tens digit of k?
2
Suppose 31 = 5*f + 11. Suppose f*b - 28 = 3*j, -2*b = 3*j - 0*j - 32. What is the units digit of b?
0
What is the tens digit of 6/4*(-448)/(-12)?
5
Let c = 42 - 21. What is the tens digit of c?
2
Let a = -40 - -74. Suppose 0 = 5*n - a - 31. What is the tens digit of n?
1
Suppose v = -2*v + 87. Let j = 61 - v. Let p = j + -21. What is the units digit of p?
1
Suppose 0 = -8*p + 7*p + 1. What is the units digit of p?
1
Suppose 2*s = -3*f + 2*f - 39, -s - 6 = -4*f. Let x = s - -38. What is the tens digit of x?
2
Let g = -59 + 240. Suppose s = -5*y + 2*s + g, -5*y - 3*s = -177. What is the units digit of y?
6
Let g(q) = -q**2 + 6*q + 5. Let u be g(6). Suppose -u*j - 24 = -4. What is the units digit of -1 + ((-4)/2 - j)?
1
Let a = 2 + -1. Suppose 0 = -5*r + a + 4. What is the units digit of 51*(r + 2/(-3))?
7
Suppose 0 = 2*o + 2*o - 5*y - 54, 0 = y + 2. Let u = -7 - -12. Suppose -2*s - o = -u*q, 3*q = -5*s - q + 22. What is the units digit of s?
2
Let z = -2 + 4. What is the units digit of z?
2
Let i(h) = -h**3 - h**2 - h - 5. What is the tens digit of i(-3)?
1
Suppose 2 = 2*q - 2. Suppose a + 0 = q. Suppose a*i - 4*i + 18 = 0. What is the units digit of i?
9
Let i be 4/10 + 13/5. Suppose -3*z - i = -4*z. Suppose -z*h + 21 = -x, h = 4*x - x + 7. What is the units digit of h?
7
Suppose 4*y = 8*y - 428. What is the hundreds digit of y?
1
Suppose q - 25 = 3. What is the tens digit of q?
2
Suppose -9*n = -2481 + 672. What is the units digit of n?
1
Suppose 0 = 3*b + 24 - 147. What is the tens digit of b?
4
Let d be (-6)/(-1)*22/4. Let x = -39 - -17. Let c = d + x. What is the tens digit of c?
1
Suppose 0 = -p - 2*p - 3. Let c be (-5)/(-1) + 1/p. Suppose 0 = -c*b + 5 + 3. What is the units digit of b?
2
Let f = 7 + -19. Suppose -615 = -3*c - 2*c. What is the tens digit of 3/f - c/(-12)?
1
Suppose -11*m + 12*m = 303. What is the tens digit of m?
0
Suppose -3*i + 118 = 3*f - 2*f, -2*i + 5*f + 73 = 0. What is the units digit of i?
9
Let i = -8 - 0. Let f = -1 - i. What is the units digit of f?
7
Let q = -6 - -7. Let f = q - 1. Suppose 65 = 5*p + 5*s, f = 4*p + s - 8 - 38. What is the tens digit of p?
1
Let c be -5 + 11 + -3*1. Suppose -2*l = -0*l - c*h - 12, -h - 2 = 0. Suppose 4*i = a + 17, 0 = -2*a + l*i - 7 - 2. What is the units digit of a?
3
Let p(g) be the first derivative of g**2 - 1. Let i(o) = -o**3 - o**2 + 6*o + 3. Let y be i(-3). What is the units digit of p(y)?
6
Let w = -15 - -17. Suppose w*o + o - 66 = 0. What is the units digit of o?
2
Suppose -2*n + 66 + 34 = 0. What is the tens digit of n?
5
Let t be -1 - (-8)/(2/1). Suppose -t*q + 152 = q. What is the tens digit of q?
3
Suppose 4*o - 304 = 5*m, -m - 271 - 88 = -5*o. What is the tens digit of o?
7
Suppose -5*w + z + 18 = 0, 5*z = z + 8. Suppose -2*q = w*m + 2*q + 4, -4*q = -4*m + 36. What is the units digit of m?
4
Suppose -111*t = -107*t - 900. What is the units digit of t?
5
Let p(y) = 8*y + 10. What is the units digit of p(16)?
8
Let t(d) = d**3 + 15*d**2 - 21*d + 10. What is the units digit of t(-16)?
0
Let k(d) be the first derivative of 4 - 6*d - 3/2*d**2. What is the units digit of k(-4)?
6
Let y(o) = -18*o**3 - o**2. What is the units digit of y(-1)?
7
Let z be -1*13*(-4)/2. Let l = 9 - 3. What is the units digit of (-6)/(-9) + z/l?
5
Let c(z) = 2*z**2 - 9*z + 15. What is the units digit of c(6)?
3
Suppose -2*d - 5 = -3*h, -h - 6*d + 3*d + 9 = 0. Let n(z) = z + 3*z**2 + z**h + 3*z**2 - 2*z - 4. What is the units digit of n(-6)?
2
Let f(l) = 2*l**2 - 2*l + 2. Let s be f(2). Suppose 25 = -v + s*v. What is the units digit of v?
5
Let n be (-2 + 24/9)*69. What is the units digit of 5/(-25) + n/5?
9
Let a be (-2)/3*(-1 - 2). Suppose a + 18 = -2*n. Let o(f) = -f - 8. What is the units digit of o(n)?
2
Let d(k) be the first derivative of k**4/4 + 8*k**3/3 + 3*k**2 + 4*k - 7. What is the units digit of d(-7)?
1
Suppose -i - 1 + 34 = 0. What is the tens digit of i?
3
Let q(k) be the first derivative of -1/3*k**3 + 2*k + 4 + 3/4*k**4 - k**2. What is the tens digit of q(2)?
1
Let i = 7 + -5. Suppose -12 = -q - 3*q + 4*o, 5 = i*q - o. Suppose -q*m = -8, 2*m = 5*a - 16 - 6. What is the units digit of a?
6
Let v(h) = h**2 - 13*h - 63. What is the units digit of v(-9)?
5
Let f(u) = -u**3 + 10*u**2 - 14*u + 4. What is the units digit of f(8)?
0
Suppose -153 = 4*u - 5*d, -u - 41 + 7 = 3*d. Let v = -7 - u. What is the units digit of v?
0
Suppose -v - 5*i = -2*v + 120, 5*v - 740 = -3*i. What is the units digit of v?
5
Suppose 0 = q - w - 99, -2*q - 199 = -4*q + w. What is the units digit of q?
0
Let r(v) = -v - 2. Let m(k) = -9*k**2. Let y be m(1). What is the units digit of r(y)?
7
Suppose -5*z = -2*z - 57. What is the tens digit of z?
1
Let i(x) = 4*x**2. Let r be i(1). Suppose 0*z = 4*k + z - 58, -r*k + 2*z + 64 = 0. Suppose 5*b + 0*b - k = 0. What is the units digit of b?
3
Suppose -a - 3 = -0. Let u = -33 - -6. What is the units digit of (1/a)/(3/u)?
3
Let n(c) = -13*c - 1. Let h be n(-1). Let v = h - 0. What is the tens digit of v?
1
Let o(c) = c**3 - 5*c**2 - 13*c. Let i be o(7). Suppose -i*k + 3*k + 28 = 0. What is the units digit of k?
7
Let j be ((-6)/(-4))/((-1)/6). Let b = -6 - j. Suppose -4*l = -d - 2*d + 2, b*d + 2*l = 26. What is the units digit of d?
6
Let j be 61/(-2) - 1/(-2). Suppose 2*s + 2*g - 1 = 1, 0 = -4*s - 5*g + 7. What is the units digit of (s + j/(-9))*3?
4
Let o be 10/(0 + 1) + -2. Suppose 